 Suppose p - 6*p = -l. What is the remainder when 37 is divided by p?
7
Suppose -4*f - z = -16, -f - z + 3*z = -4. Suppose f + 5 = -3*w. Calculate the remainder when ((-46)/2)/(w + 2) is divided by 12.
11
Let z = -895 - -1160. What is the remainder when z is divided by 258?
7
Let m = -94 - -208. Calculate the remainder when m is divided by (-116)/(-2)*(91/(-14))/(-13).
27
Suppose -7 = 3*u - 4. Let v(f) = 11*f**2 - 2*f. What is the remainder when v(u) is divided by 3?
1
What is the remainder when 22 is divided by 0/(6 - 3) + 0 + 11?
0
Suppose 0*l - 12 = 3*l. Let m = -1 - l. What is the remainder when 7 is divided by m?
1
Let s(g) = 4*g**2 + 7*g - 1. What is the remainder when 636 is divided by s(-5)?
60
Let z be -1 - 16/12*-6. Suppose -z = 7*y - 21. Suppose 0 = y*x + 5 - 15. Calculate the remainder when 14 is divided by x.
4
Let i(t) = -t**2 - t. Let u be i(1). Let m be (-6*u/6)/2. Suppose -y = -3*r + m, 3*r + 9 = 4*y + 4*r. What is the remainder when 3 is divided by y?
1
Suppose 2*k - 52 = -3*n, -3*n - 4*k = 13 - 57. Let s = -21 + -17. What is the remainder when 1 - ((-1)/(-1) + s) is divided by n?
18
Let j = 1 + -1. Suppose 5*x - 56 - 4 = j. What is the remainder when (1 - (16 - 10))*(-21)/5 is divided by x?
9
Let o(z) = z**2 - 18*z - 103. Calculate the remainder when 122 is divided by o(23).
2
Suppose -140 = -7*k + 2*k. What is the remainder when 101 is divided by k?
17
What is the remainder when (-45)/6*(-6 - 66/9) is divided by 15?
10
Let p(n) be the second derivative of 13*n**3/6 + n**2 - 8*n. Let b be p(-2). Let h = 41 + b. Calculate the remainder when 31 is divided by h.
14
Let m = -2 - 9. Let n = m - -12. Suppose -5 - n = -2*d. Calculate the remainder when d is divided by 3.
0
Suppose -2*l + 12*l + 2590 = 84*l. What is the remainder when 2/8*2*134 is divided by l?
32
Suppose 70 = 2*a + 2*d, 2*a = d + 7 + 54. Calculate the remainder when 383 is divided by a.
31
Let i(b) = -36*b - 9. What is the remainder when 105 is divided by i(-1)?
24
Let b(j) = j**3 - 23*j**2 + 60*j + 4. Suppose 4*s = 88 - 12. Calculate the remainder when s is divided by b(20).
3
Suppose -40*l + 36*l = -16. Calculate the remainder when 32 is divided by l.
0
Let l(c) = -c**3 + 2*c + 3. Calculate the remainder when ((-81)/(-15))/((-9)/(-30)) is divided by l(-2).
4
Let d(n) = -n**2 + 13*n - 9. What is the remainder when d(5) is divided by 18?
13
Suppose -5*p = -2*c + c - 52, -3*c = -p + 2. What is the remainder when 61 is divided by (-2)/p + (-1152)/(-44) + -5?
19
Let i = 34 - 35. Let q be i - 9*3/9. Calculate the remainder when 20 is divided by q/(-20) - (-34)/5.
6
Let p = 7 - 54. Let n = 86 + p. Let b = n + -1. What is the remainder when b is divided by 8?
6
Let g = 14 + -3. Suppose -11*n = n - 6*n. Suppose -3*p + 3*o + 189 = n, -3*p + g = -o - 180. What is the remainder when p is divided by 13?
12
Let m = -43 - -31. Calculate the remainder when 31 is divided by ((-117)/m)/(18/24).
5
Let q be 2 + (-255)/(-20) - 3/4. Suppose 5*o = 81 + q. Suppose 0 = 4*c - 3*a - 163, -c - 2*a - 158 = -5*c. Calculate the remainder when c is divided by o.
18
Let c = -24 + 42. Let a = 14 + -4. Suppose u = 3*u - a. Calculate the remainder when c is divided by u.
3
Suppose -4*l + 1545 = 3*q, l + 143 - 659 = -q. Calculate the remainder when q is divided by 65.
64
Let s = -78 - -83. Suppose 2*k = p + 3*p + 74, 0 = s*p + 10. What is the remainder when 62 is divided by k?
29
Suppose -2*r = -l - 794, -5*l + 1200 = 3*r - 2*l. What is the remainder when r is divided by 7?
6
Suppose -5*l - 19 = 2*p, -2*l - 4 = 3*p - 3. What is the remainder when l/(-2)*56/10 is divided by 8?
6
Suppose 0 = 7*y - 4*y - 42. Let v = y + 27. What is the remainder when v is divided by 22?
19
Let o(w) = w**2 + 10*w - 363. What is the remainder when 78 is divided by o(-25)?
6
Let p(b) = 2*b + 10. Let y be p(-8). Let s(r) = -13*r - 3. Calculate the remainder when s(y) is divided by 19.
18
Calculate the remainder when 332 is divided by (1221/66)/((-2)/(-4)).
36
Let r = 734 - 679. What is the remainder when 824 is divided by r?
54
Let a = -277 - -291. What is the remainder when 39 is divided by a?
11
Let u be (6/(-6))/(1/(-2)). Suppose -a - 3*a = u*i - 126, -2*a = 4*i - 258. Let d = 73 + -51. Calculate the remainder when i is divided by d.
21
Suppose -3*t - 6*t = -576. Let n = 105 - t. What is the remainder when n is divided by 14?
13
Suppose -34 = -3*r - 4*y, -3*r + 4*y + 50 = -0*y. Let m(b) = b**3 - 2*b**2 - 4*b + 1. Let h be m(3). What is the remainder when 570/r + h/(-7) is divided by 15?
11
Suppose -5 + 69 = 2*z. Suppose 3*b + z = s, 2*s - 87 = -3*b + 22. Let r = s - 11. What is the remainder when 106 is divided by r?
34
Suppose 74 + 16 = 3*f - 2*y, 0 = y. What is the remainder when 116 + 2 - (-42 - -41) is divided by f?
29
Suppose 2*p - 141 = -5*g, 5*g + 249 = 11*p - 8*p. Suppose 3*l + 5*a + 0*a - 28 = 0, -2*l + 40 = -2*a. Calculate the remainder when p is divided by l.
14
Suppose -4*r = 1 + 19, -4*n = r + 45. Let g = n + 37. Let s = g - 24. Calculate the remainder when 6 is divided by s.
0
What is the remainder when 459 is divided by 0 - ((-6534)/(-330))/(6/(-20))?
63
Suppose i - 6 = -3*m + 54, -5*i = 4*m - 256. Let p be ((0 - 15)/3)/(-1). Suppose p*w = 9 + 41. Calculate the remainder when i is divided by w.
8
Let w(y) be the second derivative of -y**5/20 + 7*y**4/12 - 7*y**3/6 + y**2 - 3*y. Let a be w(6). What is the remainder when 31 is divided by a/4 - (3 + -20)?
15
Suppose 5*w - 257 = -5*p + 3*p, 0 = 3*w + 5*p - 139. Calculate the remainder when w is divided by 49.
4
Suppose 3*s - 39 = -4*a, -2*s = -4*a + 47 + 7. Let l = a - 6. Suppose 4*j - 88 = 4*k - 0*k, -93 = -4*j + 5*k. What is the remainder when j is divided by l?
5
Suppose 45 = 4*a + 25. Calculate the remainder when 57 is divided by 70/6 - (a + -6)/3.
9
Let a = -7 + 7. Suppose -3*c - 8 = -4*q, a = -c - 4. Calculate the remainder when q/(-2*(-2)/(-188)) is divided by 25.
22
Suppose 5*k + 34 = 4*j, 5*j = 7*j - 4*k - 14. Suppose -80 = 11*f - 13*f. Calculate the remainder when f is divided by j.
7
Let v(k) = -3*k**2 - 122*k + 74. Calculate the remainder when 289 is divided by v(-41).
25
Let j = -239 + 267. Calculate the remainder when 54 is divided by j.
26
Calculate the remainder when 3 is divided by ((-10)/(-135)*-6)/((-2)/9).
1
Suppose -183 = -138*g + 135*g. What is the remainder when 362 is divided by g?
57
Let m = -235 - -326. What is the remainder when m is divided by 50?
41
Let r = -1856 - -2062. What is the remainder when r is divided by 8?
6
Let d = 790 + -374. What is the remainder when d is divided by 70?
66
Suppose 144 = 2*r + y, 138 - 353 = -3*r - y. What is the remainder when r is divided by 36?
35
Suppose -4*v + 17 = -179. Suppose 5*p = -l + p + 28, p = -2*l + v. What is the remainder when 45 is divided by l?
21
Suppose -12*g + 0*g = 996. Let d = g - -109. Calculate the remainder when 75 is divided by d.
23
Let w(v) = v**3 - 4*v**2 + 3*v - 1. Suppose b - 3 = 1. What is the remainder when (2/b)/(9/54) - -50 is divided by w(4)?
9
Let n be (189/28)/((-18)/(-16) + -1). Suppose 0*q = -3*q + n. Calculate the remainder when q is divided by 10.
8
Let s = -1194 + 3152. Calculate the remainder when s is divided by 14.
12
Let b = -22 + 32. Let a be (-3)/(-4) - (-181)/4. Suppose -3*v + 71 = -a. What is the remainder when v is divided by b?
9
Let j = 8 - 14. Let y be (-4)/j*(-87)/2. Let i = y - -55. Calculate the remainder when 102 is divided by i.
24
Let q = -226 + 297. Calculate the remainder when q is divided by 21 + (16 + -4)/4.
23
What is the remainder when 179 + (-20)/(-5)*15/12 is divided by 19?
13
Suppose 4 = l - 4*d - 44, -2*d = -2*l + 90. What is the remainder when 173 is divided by l?
41
Let k = 7 + -4. Let y(c) = 15*c - 4. Suppose 5*q - 95 = 4*z - 2*z, 0 = 4*z - 20. Calculate the remainder when y(k) is divided by q.
20
Let j = 80 + 16. Suppose 14*q - j = -2*q. Calculate the remainder when -1 - (-15 + -1*1) is divided by q.
3
Suppose -18*t - 5*r = -16*t - 6, -2*r + 57 = 5*t. Calculate the remainder when 54 is divided by t.
2
Let p(c) = -2*c**3 + 25*c**2 - 55*c + 2. What is the remainder when p(8) is divided by 83?
55
Suppose -6 = -2*s + 2. Calculate the remainder when -4*(-2 - s/(-8)) is divided by 6.
0
Suppose -5*t = h - 8, -5*t - 190 = 115*h 